luate 19 - (-16 + 50 + -11) - (-11 - -2).
5
Calculate 0 + (4 - 1) + -1 + -21.
-19
-5 - (-5 - (-1 + -7)) - -5 - -17
14
Evaluate -1 + 0 + 9 + -6 + 50 + -45.
7
(-15 - (12 + -38)) + 2 + 11
24
-10 - 0 - (18 - (47 - 24))
-5
Evaluate -5 - (-13 + 4) - (1 + -1).
4
What is the value of (6 - 0) + 10 + (9 - 15)?
10
What is 22 + -7 + -10 + 8 + -8?
5
Evaluate 0 - (-4 - 1) - (-18 + 5 + 19).
-1
Evaluate 0 + (-13 - -2) - -12.
1
What is 4 + -10 + -3 + -3 - -1?
-11
Calculate (-12 - (-6 - -2)) + 5.
-3
Calculate 38 - 25 - 3 - (2 - (1 + -13)).
-4
Calculate (16 - 6) + -3 + -5 + -4 + -2.
-4
What is the value of (1 - (19 + -16)) + (1 - 4)?
-5
Evaluate (-7 - 6) + 26 - 9.
4
What is the value of 4 - (15 + -11 + 15 + (3 - -2))?
-20
What is 19 - (5 + -6 + 5 + 5 + -4)?
14
Calculate (2 - 1) + 6 + -2 - -7.
12
What is the value of 0 + (4 - 13) + 6 + -12?
-15
What is -25 + (-7 - -14) + 1 - (-1 - 3)?
-13
6 + -10 + 9 + -10 + -10
-15
21 + (-5 - (10 + -14 + -2)) + -4
18
Evaluate 3 + (-13 - -3) + -3.
-10
33 - 45 - (11 + -8)
-15
0 + -8 + (-4 - (10 + -6 - 23))
7
What is the value of 25 - (87 + -29 - 25)?
-8
What is 1 - ((1 - -19) + (-60 - -60))?
-19
What is 11 + (-50 - -6 - -28)?
-5
What is the value of (-30 - -40 - (1 + 9)) + 1?
1
What is the value of (-4 - -1) + (-30 - -40 - -20 - -10)?
37
What is 1 + 5 + 3 + -14 + -7 + 1?
-11
(9 - -7) + -22 - (-1 + 3)
-8
Calculate 0 + -3 + (-3 - 0) + 1 + -2.
-7
Calculate 5 + 22 + 9 + (7 - 4) + -12.
27
(0 - -4 - (-15 - -12) - 8) + 21
20
Calculate 10 - -8 - 10 - -5.
13
What is the value of -9 + (42 + -36 - (0 + 4)) + 18?
11
Evaluate 11 + -39 + 32 + -14.
-10
Evaluate -21 - (-64 - (-84 + 43)).
2
What is the value of 12 - (-11 + 0 + 12)?
11
What is -298 + 338 + -1 + -11 + -3?
25
What is (-8 - 3) + 13 + -10?
-8
-1 - (6 + 1 + -20)
12
Calculate -19 + -1 + (-5 - 13 - -15).
-23
What is the value of (-37 - 44) + 33 + 35?
-13
What is the value of (-15 + 22 - 23) + -2 + (2 - 0)?
-16
-1 + -29 + 78 + -30 + -39
-21
What is (7 - 3) + (16 - 5) + 5 + -9?
11
Evaluate -7 - (1 + 4 - 11 - -5).
-6
Evaluate 4 - 13 - (-159 + 172).
-22
Evaluate -16 - -20 - (3 - 7 - -5 - -2).
1
What is the value of (-29 - (-44 + -19)) + -61?
-27
7 - (13 - (16 - 9))
1
What is the value of -6 + (-1 - -2) - (-3 - (-75 + 69))?
-8
What is the value of -83 - (0 - 48) - (-1 + -3)?
-31
Evaluate 15 + (8 - 8) + -19.
-4
What is -2 + (-10 + 1 - -8) + 8 + 1?
6
What is -5 + (-1 - -1) + (1 - (-14 + 22))?
-12
What is (-17 - -10) + (0 - 1) - (-2 + 0)?
-6
What is (-5 - (-23 + 33)) + 5?
-10
Evaluate 16 + 2 + -15 - 9.
-6
-16 + 4 - -7 - (0 + -2) - -4
1
What is the value of 13 + (23 - 21 - (0 - -43))?
-28
Calculate 25 - 32 - (-7 + 9 + -5).
-4
Evaluate (28 - (2 + 35)) + 6.
-3
2 + (0 - (11 - (11 + -5))) + 2
-1
Evaluate (-17 - -16 - 16) + 1.
-16
Evaluate 13 - (-37 + (0 - -26)).
24
What is the value of 0 - (-16 + (-10 + -2 + 7 - 6))?
27
24 + -15 + -36 + 13
-14
What is -26 - -29 - -22 - -4?
29
What is the value of -22 + (-7 - 2 - (50 + -43))?
-38
Calculate -11 + (-34 + 19 - -28).
2
(1 - (2 - 8)) + (27 - -12 - 22)
24
What is 19 + (-7 - 37) + -4?
-29
Evaluate -23 - (-8 - -17 - 18).
-14
(0 - (0 - (-1 - -5))) + -2
2
-31 + (-30 - (23 + -66))
-18
0 + (-2 - -11 - -7)
16
Evaluate -8 + -1 - (1667 - 1674).
-2
9 + -8 + 3 - 5
-1
What is 5 + 1 + (4 - 1) - (20 + -19)?
8
What is the value of (12 + 1 + -1 + 0 - 0) + -30?
-18
Calculate 54 + (15 - -14 - 69).
14
What is the value of -2 + 4 + -3 + -14?
-15
What is the value of 6 + 22 + -2 + -23?
3
Evaluate 10 - (-28 + 36 + -14).
16
What is -30 + 17 + (30 - -5)?
22
What is 18 - 10 - (-2 - -9 - 1)?
2
What is 3 - -1 - ((8 - -2) + -15)?
9
1 - 1 - -2 - (-164 + 61 - -83)
22
Calculate -1 + 3 - ((3 - -12) + -4).
-9
What is -6 + 19 + -37 + 42?
18
What is (9 + 0 - (-25 + 28)) + 3?
9
What is the value of -16 - 1 - (24 - (12 + 19))?
-10
-700 + 693 + (12 - -2 - 1)
6
What is 21 + -96 + (-31 - -66)?
-40
What is the value of -25 - -27 - (-2 - (-3 - 12 - 3))?
-14
Evaluate (-1 - -27) + (-624 - -608).
10
Calculate -44 + 0 - (1293 + -1321).
-16
What is 0 + 14 + (-11 - -10)?
13
What is the value of -30 - (-17 - -4 - (-2 + -4))?
-23
What is 5 + -4 + (2 - 3) + -4?
-4
Calculate -2 + (15 - 28 - -9).
-6
Evaluate -3 - (2 + 0 - (-2 + -1 + -2)).
-10
What is 1 + (20 - (-1 - -13))?
9
Calculate -7 + (5 - -3 - ((2 - 3) + 5)).
-3
(2 - 4) + -4 - (16 + -16)
-6
1 + (-1 - (0 - -3)) + -7
-10
What is (-10 - -4 - (-6 + -9 - -3)) + -4?
2
Evaluate (-23 - (-12 - -9)) + 19.
-1
(17 + -14 - (0 + 0)) + 6
9
What is the value of 5 + (-7 - (16 - 6) - -6)?
-6
What is the value of -6 - (-1 + (11 - 10))?
-6
What is 1 - 9 - (26 - 25)?
-9
What is the value of (25 - 9 - (-3 + 14)) + -6?
-1
What is the value of (9349 - 9381) + (0 - 0 - 0)?
-32
What is 13 + (8 + -15 - 10)?
-4
What is the value of ((-6 - -17) + -6 - 33) + -9 + 18?
-19
What is -10 - ((33 - 16) + -44)?
17
(16 - -1) + 11 + (32 - 20 - 23)
17
What is the value of 16 - (14 - 1 - -16)?
-13
Calculate -17 + (-5 - (-12 - -2)) - -4 - -13.
5
-2 + -9 + (7 - 5) + 10
1
Evaluate -3 + 2 + (-119 - -107).
-13
What is the value of -16 - 3 - ((-5 + 12 - 12) + 6)?
-20
Evaluate 8 + 12 + -28 + -2 - -11.
1
What is 12 + -15 + 1 + 16?
14
What is 6 + (4 - 0) + (-4 - -1)?
7
Calculate 22 - 42 - ((-4 - -8) + (-3 - 4)).
-17
Evaluate 16 + 27 + 19 + (-51 - -13).
24
What is the value of 15 + -7 + -4 + (-2 - -3) + -2?
3
Calculate -8 + 25 - 16 - ((-1 - -2) + -7).
7
Calculate 18 - (-10 + (-5 - -24)) - (0 + -8).
17
What is the value of 18 + -2 + -10 - -3?
9
Calculate 9 - 19 - -2 - 3.
-11
Evaluate 2 + (19 - -8) + 3 + 2 + -8.
26
What is the value of (0 - -12) + (26 - (43 - 12))?
7
Calculate -18 - -1 - (281 + -294).
-4
Calculate -48 - (47 + -25 - 65).
-5
Calculate (-5 - (-13 + -4 + -7 + 11)) + 11.
19
What is -10 + -4 - (7 + 7 + -2 - 8)?
-18
What is 61 + (15 - 7) + -42?
27
(5 - -1) + (31 - 26)
11
7 + -9 - (11 + -5 + 4)
-12
(-9 - ((0 - -5) + -2)) + (5 - 1)
-8
What is 20 + 0 + -29 + 68 + -18?
41
What is the value of (2 - (-7 - -15)) + 0 - -4?
-2
-4 + 17 + 1 + 19 + -23
10
What is 7 - (21 - 10) - (-4 - 6 - 0)?
6
0 + (6 + -21 - (-3 + -5))
-7
Calculate -17 + (-2 - -3) + 29.
13
What is the value of 0 - -7 - ((81 - 32) + -34)?
-8
Calculate -12 + -13 + 2 + 15.
-8
What is the value of -1 - (1 - (6 + -4)) - -8?
8
Calculate 7 + 0 + -9 - (7 - 22).
13
What is the value of 3 + (-20 - -12 - (-29 - -3))?
21
What is (29 - -1) + (-6 - -10) + -5 - 8?
21
What is (33 - -3) + 4 + (-34 - -33) + 3?
42
277 + -264 - (-1 - -27)
-13
What is (-9 - 8 - -30) + -17?
-4
Calculate (2 - 2) + 13 + 5 + -18.
0
What is the value of 0 + -14 + 4 + 17 + -13?
-6
What is the value of 888 - 891 - (0 + 19 + -1)?
-21
Evaluate 235 + -237 + (-2 - (-3 + -2 + 4)).
-3
Evaluate 6 + (-6 - -2) - (4 - (-1 + 1)).
-2
1 + (11 - 4) + -7
1
Calculate (-2 + 0 - (4 - (-5 - -6))) + 20.
15
What is the value of (9 - -3) + -28 - -14?
-2
Calculate -2 - (6 + (7 - 1 - 1) + -12).
-1
What is -78 + 89 - ((4 - 4) + -4 + 4)?
11
-7 + -3 - (-5 + 0)
-5
What is the value of 17 + -15 + 0 + 15?
17
What is the value of -5 + 17 - (15 + 5)?
-8
Evaluate (22 + 21 - 76) + 19.
-14
What is the value of -7 - (-5 - ((1 - -5) + -30) - 7)?
-19
-26 - -5 - -14 - -6
-1
Calculate 31 - -3 - (2 - (-4 - 6)).
22
What is (6 - 2) + (0 + (10 - 1) - 14)?
-1
What is (5 - (5 - (3 + -5))) + -8?
-10
Calculate 7 - (20 - 9 - 1).
-3
What is the value of 217 + -198 - (-2 - -30)?
-9
Calculate (-24 + 27 - -32) + 1 + -6.
30
What is the value of -101 + 100 - (5 - 0) - -8?
2
-51 + 31 + 49 - 3
26
Calculate (-8 - 2) + (3 - (1 - 4)) + 6.
2
Calculate -1 + -6 + 10 + -15.
-12
-3 - ((6 - 0) + (3 - (-1 + 1)))
-12
Evaluate -26 - (40 - 124 - -38).
20
What is the value of -8 - ((-6 + -9 - -12) + -15)?
10
Calculate -3 - (-7 + -2 + 0 + 7 - -6).
-7
What is the value of 10 + 0 + (8 - 4) + -17?
-3
(-6 - -3) + -20 + 24 + -27
-26
What is the value of 11 - -1 - (-12 - (-28 + -7))?
-11
Calculate 3 + (-18 - (2 - 12 - 0)).
-5
Calculate -1 + -1 + 3 + 6 - (0 + 8).
-1
What is the value of -33 - (-43 + 9) - (-5 - 0) - -1?
7
Evaluate -41 + 36 + 7 + -28.
-26
-5 + (1 - (1 + -15 + 6 + -4))
8
(1 - ((-4 - -2) + -7)) + 61 + -50
21
14 + -17 + (-10 + 0 - (1 - -4))
-18
Evaluate (-3 - (1 + -2)) + -1 + (-707 - -699).
-11
(1 - 3) + (-5 - -9) + -4 + 11
9
16 + -19 - (0 + 1 + -7)
3
What is the value of -9 + (-2 - -1) + (-122 - -118)?
-14
What is the value of -13 + (6 - (0 + (2